{"id":31,"date":"2026-01-02T13:25:38","date_gmt":"2026-01-02T13:25:38","guid":{"rendered":"http:\/\/sol-aire-de-jeux.fr\/?page_id=31"},"modified":"2026-01-02T14:41:47","modified_gmt":"2026-01-02T14:41:47","slug":"zones-dintervention","status":"publish","type":"page","link":"https:\/\/sol-aire-de-jeux.fr\/index.php\/zones-dintervention\/","title":{"rendered":"ZONES D\u2019INTERVENTION"},"content":{"rendered":"\n<h1 class=\"wp-block-heading\">Zones d\u2019intervention \u2013 Sols amortissants et aires de jeux<\/h1>\n\n\n\n<p><strong>KALI CONSTRUCTION<\/strong> intervient aupr\u00e8s des <strong>mairies et collectivit\u00e9s<\/strong> pour la cr\u00e9ation et la r\u00e9novation d\u2019aires de jeux avec <strong>sols amortissants conformes EN 1177<\/strong>, sur l\u2019ensemble de la <strong>R\u00e9gion Centre-Val de Loire<\/strong> et les <strong>d\u00e9partements limitrophes<\/strong>. <a href=\"https:\/\/sol-aire-de-jeux.fr\/index.php\/devis-sol-aire-de-jeux\/\" class=\"ek-link\">Demande de devis sol amortissant<\/a><\/p>\n\n\n\n<h2 class=\"wp-block-heading\">Un acteur local au service des collectivit\u00e9s<\/h2>\n\n\n\n<p>Bas\u00e9e \u00e0 <strong>Blois (41)<\/strong>, la soci\u00e9t\u00e9 <strong>KALI CONSTRUCTION<\/strong> accompagne les collectivit\u00e9s locales dans leurs projets d\u2019aires de jeux, en garantissant <strong>proximit\u00e9, r\u00e9activit\u00e9 et ma\u00eetrise des normes de s\u00e9curit\u00e9<\/strong>.<\/p>\n\n\n\n<p>Notre implantation r\u00e9gionale nous permet d\u2019intervenir rapidement, aussi bien pour des projets de <strong>cr\u00e9ation<\/strong> que de <strong>r\u00e9novation ou mise en conformit\u00e9<\/strong>.<\/p>\n\n\n\n<h2 class=\"wp-block-heading\">Intervention dans toute la R\u00e9gion Centre-Val de Loire<\/h2>\n\n\n\n<p>Nous intervenons sur l\u2019ensemble des d\u00e9partements de la <strong>R\u00e9gion Centre-Val de Loire<\/strong> :<\/p>\n\n\n\n<ul class=\"wp-block-list\">\n<li><strong><a href=\"https:\/\/sol-aire-de-jeux.fr\/index.php\/sol-amortissant-loir-et-cher-41\/\" class=\"ek-link\">Loir-et-Cher (41)<\/a><\/strong> \u2013 <a href=\"https:\/\/sol-aire-de-jeux.fr\/index.php\/sol-amortissant-blois-41\/\" class=\"ek-link\">Blois<\/a>, Vend\u00f4me, Romorantin-Lanthenay<\/li>\n\n\n\n<li><strong><a href=\"https:\/\/sol-aire-de-jeux.fr\/index.php\/sol-amortissant-loiret-45\/\" class=\"ek-link\">Loiret (45)<\/a><\/strong> \u2013 <a href=\"https:\/\/sol-aire-de-jeux.fr\/index.php\/sol-amortissant-orleans-45\/\" class=\"ek-link\">Orl\u00e9ans<\/a>, Montargis, Pithiviers<\/li>\n\n\n\n<li><strong><a href=\"https:\/\/sol-aire-de-jeux.fr\/index.php\/sol-amortissant-indre-et-loire-37\/\" class=\"ek-link\">Indre-et-Loire (37)<\/a><\/strong> \u2013 <a href=\"https:\/\/sol-aire-de-jeux.fr\/index.php\/sol-amortissant-tours-37\/\" class=\"ek-link\">Tours<\/a>, Chinon, Amboise<\/li>\n\n\n\n<li><strong><a href=\"https:\/\/sol-aire-de-jeux.fr\/index.php\/sol-amortissant-cher-18\/\" class=\"ek-link\">Cher (18)<\/a><\/strong> \u2013 <a href=\"https:\/\/sol-aire-de-jeux.fr\/index.php\/sol-amortissant-bourges-18\/\" class=\"ek-link\">Bourges<\/a>, Vierzon, Saint-Amand-Montrond<\/li>\n\n\n\n<li><strong><a href=\"https:\/\/sol-aire-de-jeux.fr\/index.php\/sol-amortissant-eure-et-loir-28\/\" class=\"ek-link\">Eure-et-Loir (28)<\/a><\/strong> \u2013 Chartres, Dreux, Ch\u00e2teaudun<\/li>\n\n\n\n<li><strong><a href=\"https:\/\/sol-aire-de-jeux.fr\/index.php\/sol-amortissant-indre-36\/\" class=\"ek-link\">Indre (36)<\/a><\/strong> \u2013 Ch\u00e2teauroux, Issoudun, Le Blanc<\/li>\n<\/ul>\n\n\n\n<h2 class=\"wp-block-heading\">D\u00e9partements limitrophes desservis<\/h2>\n\n\n\n<p>En fonction de la nature et de l\u2019ampleur du projet, <strong>KALI CONSTRUCTION<\/strong> intervient \u00e9galement dans les d\u00e9partements limitrophes de la R\u00e9gion Centre :<\/p>\n\n\n\n<ul class=\"wp-block-list\">\n<li><a href=\"https:\/\/sol-aire-de-jeux.fr\/index.php\/sol-amortissant-ile-de-france\/\" class=\"ek-link\">\u00cele-de-France <\/a>Sud (<a href=\"https:\/\/sol-aire-de-jeux.fr\/index.php\/sol-amortissant-essonne-91\/\" class=\"ek-link\">Essonne<\/a>, Yvelines, Seine-et-Marne)<\/li>\n\n\n\n<li>Loire-Atlantique<\/li>\n\n\n\n<li>Maine-et-Loire<\/li>\n\n\n\n<li>Sarthe<\/li>\n\n\n\n<li>Ni\u00e8vre<\/li>\n\n\n\n<li>Allier<\/li>\n\n\n\n<li>Vienne<\/li>\n<\/ul>\n\n\n\n<h2 class=\"wp-block-heading\">Collectivit\u00e9s accompagn\u00e9es<\/h2>\n\n\n\n<ul class=\"wp-block-list\">\n<li>Mairies<\/li>\n\n\n\n<li>Communaut\u00e9s de communes<\/li>\n\n\n\n<li>\u00c9coles et \u00e9tablissements scolaires<\/li>\n\n\n\n<li>Cr\u00e8ches et structures petite enfance<\/li>\n\n\n\n<li>\u00c9tablissements publics<\/li>\n<\/ul>\n\n\n\n<h2 class=\"wp-block-heading\">Votre commune est situ\u00e9e dans notre zone d\u2019intervention ?<\/h2>\n\n\n\n<p>Contactez <strong>KALI CONSTRUCTION<\/strong> pour une \u00e9tude technique et un <strong>devis gratuit<\/strong> pour votre projet d\u2019aire de jeux. <a href=\"https:\/\/sol-aire-de-jeux.fr\/index.php\/demande-de-devis-aires-de-jeux\/\" class=\"ek-link\">Demande de devis<\/a><\/p>\n","protected":false},"excerpt":{"rendered":"<p>Zones d\u2019intervention \u2013 Sols amortissants et aires de jeux KALI CONSTRUCTION intervient aupr\u00e8s des mairies et collectivit\u00e9s pour la cr\u00e9ation [&hellip;]<\/p>\n","protected":false},"author":1,"featured_media":0,"parent":0,"menu_order":0,"comment_status":"closed","ping_status":"closed","template":"","meta":{"_seopress_robots_primary_cat":"","_seopress_titles_title":"","_seopress_titles_desc":"","_seopress_robots_index":"","om_disable_all_campaigns":false,"_monsterinsights_skip_tracking":false,"_monsterinsights_sitenote_active":false,"_monsterinsights_sitenote_note":"","_monsterinsights_sitenote_category":0,"site-sidebar-layout":"default","site-content-layout":"","ast-site-content-layout":"default","site-content-style":"default","site-sidebar-style":"default","ast-global-header-display":"","ast-banner-title-visibility":"","ast-main-header-display":"","ast-hfb-above-header-display":"","ast-hfb-below-header-display":"","ast-hfb-mobile-header-display":"","site-post-title":"","ast-breadcrumbs-content":"","ast-featured-img":"","footer-sml-layout":"","ast-disable-related-posts":"","theme-transparent-header-meta":"","adv-header-id-meta":"","stick-header-meta":"","header-above-stick-meta":"","header-main-stick-meta":"","header-below-stick-meta":"","astra-migrate-meta-layouts":"default","ast-page-background-enabled":"default","ast-page-background-meta":{"desktop":{"background-color":"var(--ast-global-color-5)","background-image":"","background-repeat":"repeat","background-position":"center center","background-size":"auto","background-attachment":"scroll","background-type":"","background-media":"","overlay-type":"","overlay-color":"","overlay-opacity":"","overlay-gradient":""},"tablet":{"background-color":"","background-image":"","background-repeat":"repeat","background-position":"center center","background-size":"auto","background-attachment":"scroll","background-type":"","background-media":"","overlay-type":"","overlay-color":"","overlay-opacity":"","overlay-gradient":""},"mobile":{"background-color":"","background-image":"","background-repeat":"repeat","background-position":"center center","background-size":"auto","background-attachment":"scroll","background-type":"","background-media":"","overlay-type":"","overlay-color":"","overlay-opacity":"","overlay-gradient":""}},"ast-content-background-meta":{"desktop":{"background-color":"var(--ast-global-color-4)","background-image":"","background-repeat":"repeat","background-position":"center center","background-size":"auto","background-attachment":"scroll","background-type":"","background-media":"","overlay-type":"","overlay-color":"","overlay-opacity":"","overlay-gradient":""},"tablet":{"background-color":"var(--ast-global-color-4)","background-image":"","background-repeat":"repeat","background-position":"center center","background-size":"auto","background-attachment":"scroll","background-type":"","background-media":"","overlay-type":"","overlay-color":"","overlay-opacity":"","overlay-gradient":""},"mobile":{"background-color":"var(--ast-global-color-4)","background-image":"","background-repeat":"repeat","background-position":"center center","background-size":"auto","background-attachment":"scroll","background-type":"","background-media":"","overlay-type":"","overlay-color":"","overlay-opacity":"","overlay-gradient":""}},"footnotes":""},"class_list":["post-31","page","type-page","status-publish","hentry"],"aioseo_notices":[],"_links":{"self":[{"href":"https:\/\/sol-aire-de-jeux.fr\/index.php\/wp-json\/wp\/v2\/pages\/31","targetHints":{"allow":["GET"]}}],"collection":[{"href":"https:\/\/sol-aire-de-jeux.fr\/index.php\/wp-json\/wp\/v2\/pages"}],"about":[{"href":"https:\/\/sol-aire-de-jeux.fr\/index.php\/wp-json\/wp\/v2\/types\/page"}],"author":[{"embeddable":true,"href":"https:\/\/sol-aire-de-jeux.fr\/index.php\/wp-json\/wp\/v2\/users\/1"}],"replies":[{"embeddable":true,"href":"https:\/\/sol-aire-de-jeux.fr\/index.php\/wp-json\/wp\/v2\/comments?post=31"}],"version-history":[{"count":11,"href":"https:\/\/sol-aire-de-jeux.fr\/index.php\/wp-json\/wp\/v2\/pages\/31\/revisions"}],"predecessor-version":[{"id":193,"href":"https:\/\/sol-aire-de-jeux.fr\/index.php\/wp-json\/wp\/v2\/pages\/31\/revisions\/193"}],"wp:attachment":[{"href":"https:\/\/sol-aire-de-jeux.fr\/index.php\/wp-json\/wp\/v2\/media?parent=31"}],"curies":[{"name":"wp","href":"https:\/\/api.w.org\/{rel}","templated":true}]}}