{"id":8,"date":"2026-01-02T13:14:32","date_gmt":"2026-01-02T13:14:32","guid":{"rendered":"http:\/\/sol-aire-de-jeux.fr\/?page_id=8"},"modified":"2026-01-02T14:57:14","modified_gmt":"2026-01-02T14:57:14","slug":"accueil","status":"publish","type":"page","link":"https:\/\/sol-aire-de-jeux.fr\/","title":{"rendered":"\ud83c\udfd7\ufe0f PAGE D\u2019ACCUEIL \u2013 KALI CONSTRUCTION"},"content":{"rendered":"\n<h2 class=\"wp-block-heading\">Sols amortissants et aires de jeux s\u00e9curis\u00e9es pour collectivit\u00e9s<\/h2>\n\n\n\n<p>KALI CONSTRUCTION accompagne les <strong>mairies et collectivit\u00e9s<\/strong> dans la cr\u00e9ation et r\u00e9novation d\u2019aires de jeux conformes aux normes <strong>EN 1177 et EN 1176<\/strong>. <a href=\"https:\/\/sol-aire-de-jeux.fr\/index.php\/devis-sol-aire-de-jeux\/\" class=\"ek-link\">Demande de devis <\/a><a href=\"tel:0652077746\" class=\"ek-link\">Appelez-nous<\/a><\/p>\n\n\n\n<figure class=\"wp-block-image\"><img decoding=\"async\" src=\"\/wp-content\/uploads\/2026\/01\/sol-jeux-hero.png\" alt=\"Sol amortissant et aire de jeux pour collectivit\u00e9s\"\/><\/figure>\n\n\n\n<p><a href=\"https:\/\/sol-aire-de-jeux.fr\/index.php\/devis-sol-aire-de-jeux\/\" class=\"ek-link\">Demande de devis<\/a><\/p>\n\n\n\n<h2 class=\"wp-block-heading\">Nos solutions pour vos aires de jeux<\/h2>\n\n\n\n<h3 class=\"wp-block-heading\">Sol EPDM coul\u00e9 en place<\/h3>\n\n\n\n<p>Durable, esth\u00e9tique, personnalis\u00e9 et conforme EN 1177.<a href=\"https:\/\/sol-aire-de-jeux.fr\/index.php\/sol-epdm-aires-de-jeux\/\" class=\"ek-link\">D\u00e9couvrir<\/a><\/p>\n\n\n\n<h3 class=\"wp-block-heading\">Dalles amortissantes<\/h3>\n\n\n\n<p>Solution rapide et \u00e9conomique pour la cr\u00e9ation ou la r\u00e9novation.<a href=\"https:\/\/sol-aire-de-jeux.fr\/index.php\/dalles-amortissantes-aire-de-jeux\/\" class=\"ek-link\">D\u00e9couvrir<\/a><\/p>\n\n\n\n<h3 class=\"wp-block-heading\">Fourniture &amp; pose de jeux<\/h3>\n\n\n\n<p>En partenariat avec <strong>PRO COLLECTIVIT\u00c9S<\/strong>, installation cl\u00e9 en main.<a href=\"https:\/\/sol-aire-de-jeux.fr\/index.php\/fourniture-pose-de-jeux\/\" class=\"ek-link\">D\u00e9couvrir<\/a><\/p>\n\n\n\n<h2 class=\"wp-block-heading\">Normes &amp; s\u00e9curit\u00e9<\/h2>\n\n\n\n<p>Tous nos sols et \u00e9quipements respectent les normes <strong>EN 1177 et EN 1176<\/strong>, garantissant <strong>la s\u00e9curit\u00e9 des enfants<\/strong> et la conformit\u00e9 pour les collectivit\u00e9s.<\/p>\n\n\n\n<ul class=\"wp-block-list\">\n<li>Absorption des chocs<\/li>\n\n\n\n<li>Hauteur de chute HIC contr\u00f4l\u00e9e<\/li>\n\n\n\n<li>Mat\u00e9riaux durables et r\u00e9sistants<\/li>\n\n\n\n<li>Responsabilit\u00e9 des collectivit\u00e9s respect\u00e9e<\/li>\n<\/ul>\n\n\n\n<h2 class=\"wp-block-heading\">Zones d\u2019intervention<\/h2>\n\n\n\n<p>Nous intervenons dans toute la <strong>R\u00e9gion Centre-Val de Loire<\/strong> et les d\u00e9partements limitrophes. Loir-et-Cher, Loiret, Indre-et-Loire, Cher, Eure-et-Loir, Indre, Ni\u00e8vre, Allier, Maine-et-Loire\u2026<\/p>\n\n\n\n<h2 class=\"wp-block-heading\">Nos r\u00e9alisations<\/h2>\n\n\n\n<p>D\u00e9couvrez quelques-uns de nos projets d\u2019aires de jeux s\u00e9curis\u00e9es pour collectivit\u00e9s.<\/p>\n\n\n\n<figure class=\"wp-block-gallery has-nested-images columns-default is-cropped wp-block-gallery-1 is-layout-flex wp-block-gallery-is-layout-flex\">\n<figure class=\"wp-block-image size-large\"><img alt=\"\" loading=\"lazy\" decoding=\"async\" width=\"1000\" height=\"750\" data-id=\"51\" src=\"https:\/\/sol-aire-de-jeux.fr\/wp-content\/uploads\/2026\/01\/20250730_182844_resized.jpg\" alt=\"\" class=\"wp-image-51\" srcset=\"https:\/\/sol-aire-de-jeux.fr\/wp-content\/uploads\/2026\/01\/20250730_182844_resized.jpg 1000w, https:\/\/sol-aire-de-jeux.fr\/wp-content\/uploads\/2026\/01\/20250730_182844_resized-300x225.jpg 300w, https:\/\/sol-aire-de-jeux.fr\/wp-content\/uploads\/2026\/01\/20250730_182844_resized-768x576.jpg 768w\" sizes=\"auto, (max-width: 1000px) 100vw, 1000px\" \/><\/figure>\n\n\n\n<figure class=\"wp-block-image size-large\"><img alt=\"\" loading=\"lazy\" decoding=\"async\" width=\"1000\" height=\"750\" data-id=\"52\" src=\"https:\/\/sol-aire-de-jeux.fr\/wp-content\/uploads\/2026\/01\/20250627_094056_resized.jpg\" alt=\"\" class=\"wp-image-52\" srcset=\"https:\/\/sol-aire-de-jeux.fr\/wp-content\/uploads\/2026\/01\/20250627_094056_resized.jpg 1000w, https:\/\/sol-aire-de-jeux.fr\/wp-content\/uploads\/2026\/01\/20250627_094056_resized-300x225.jpg 300w, https:\/\/sol-aire-de-jeux.fr\/wp-content\/uploads\/2026\/01\/20250627_094056_resized-768x576.jpg 768w\" sizes=\"auto, (max-width: 1000px) 100vw, 1000px\" \/><\/figure>\n\n\n\n<figure class=\"wp-block-image size-large\"><img alt=\"\" loading=\"lazy\" decoding=\"async\" width=\"1000\" height=\"750\" data-id=\"53\" src=\"https:\/\/sol-aire-de-jeux.fr\/wp-content\/uploads\/2026\/01\/20250703_085653_resized.jpg\" alt=\"\" class=\"wp-image-53\" srcset=\"https:\/\/sol-aire-de-jeux.fr\/wp-content\/uploads\/2026\/01\/20250703_085653_resized.jpg 1000w, https:\/\/sol-aire-de-jeux.fr\/wp-content\/uploads\/2026\/01\/20250703_085653_resized-300x225.jpg 300w, https:\/\/sol-aire-de-jeux.fr\/wp-content\/uploads\/2026\/01\/20250703_085653_resized-768x576.jpg 768w\" sizes=\"auto, (max-width: 1000px) 100vw, 1000px\" \/><\/figure>\n\n\n\n<figure class=\"wp-block-image size-large\"><img alt=\"\" loading=\"lazy\" decoding=\"async\" width=\"1000\" height=\"750\" data-id=\"54\" src=\"https:\/\/sol-aire-de-jeux.fr\/wp-content\/uploads\/2026\/01\/20250729_080141_resized.jpg\" alt=\"\" class=\"wp-image-54\" srcset=\"https:\/\/sol-aire-de-jeux.fr\/wp-content\/uploads\/2026\/01\/20250729_080141_resized.jpg 1000w, https:\/\/sol-aire-de-jeux.fr\/wp-content\/uploads\/2026\/01\/20250729_080141_resized-300x225.jpg 300w, https:\/\/sol-aire-de-jeux.fr\/wp-content\/uploads\/2026\/01\/20250729_080141_resized-768x576.jpg 768w\" sizes=\"auto, (max-width: 1000px) 100vw, 1000px\" \/><\/figure>\n\n\n\n<figure class=\"wp-block-image size-large\"><img alt=\"\" loading=\"lazy\" decoding=\"async\" width=\"1000\" height=\"750\" data-id=\"56\" src=\"https:\/\/sol-aire-de-jeux.fr\/wp-content\/uploads\/2026\/01\/20250729_100848_resized.jpg\" alt=\"\" class=\"wp-image-56\" srcset=\"https:\/\/sol-aire-de-jeux.fr\/wp-content\/uploads\/2026\/01\/20250729_100848_resized.jpg 1000w, https:\/\/sol-aire-de-jeux.fr\/wp-content\/uploads\/2026\/01\/20250729_100848_resized-300x225.jpg 300w, https:\/\/sol-aire-de-jeux.fr\/wp-content\/uploads\/2026\/01\/20250729_100848_resized-768x576.jpg 768w\" sizes=\"auto, (max-width: 1000px) 100vw, 1000px\" \/><\/figure>\n\n\n\n<figure class=\"wp-block-image size-large\"><img alt=\"\" loading=\"lazy\" decoding=\"async\" width=\"1000\" height=\"750\" data-id=\"55\" src=\"https:\/\/sol-aire-de-jeux.fr\/wp-content\/uploads\/2026\/01\/20250729_101400_resized.jpg\" alt=\"\" class=\"wp-image-55\" srcset=\"https:\/\/sol-aire-de-jeux.fr\/wp-content\/uploads\/2026\/01\/20250729_101400_resized.jpg 1000w, https:\/\/sol-aire-de-jeux.fr\/wp-content\/uploads\/2026\/01\/20250729_101400_resized-300x225.jpg 300w, https:\/\/sol-aire-de-jeux.fr\/wp-content\/uploads\/2026\/01\/20250729_101400_resized-768x576.jpg 768w\" sizes=\"auto, (max-width: 1000px) 100vw, 1000px\" \/><\/figure>\n\n\n\n<figure class=\"wp-block-image size-large\"><img alt=\"\" loading=\"lazy\" decoding=\"async\" width=\"1000\" height=\"750\" data-id=\"63\" src=\"https:\/\/sol-aire-de-jeux.fr\/wp-content\/uploads\/2026\/01\/20250729_104330_resized.jpg\" alt=\"\" class=\"wp-image-63\" srcset=\"https:\/\/sol-aire-de-jeux.fr\/wp-content\/uploads\/2026\/01\/20250729_104330_resized.jpg 1000w, https:\/\/sol-aire-de-jeux.fr\/wp-content\/uploads\/2026\/01\/20250729_104330_resized-300x225.jpg 300w, https:\/\/sol-aire-de-jeux.fr\/wp-content\/uploads\/2026\/01\/20250729_104330_resized-768x576.jpg 768w\" sizes=\"auto, (max-width: 1000px) 100vw, 1000px\" \/><\/figure>\n\n\n\n<figure class=\"wp-block-image size-large\"><img alt=\"\" loading=\"lazy\" decoding=\"async\" width=\"1000\" height=\"750\" data-id=\"61\" src=\"https:\/\/sol-aire-de-jeux.fr\/wp-content\/uploads\/2026\/01\/20250729_104335_resized-Copie.jpg\" alt=\"\" class=\"wp-image-61\" srcset=\"https:\/\/sol-aire-de-jeux.fr\/wp-content\/uploads\/2026\/01\/20250729_104335_resized-Copie.jpg 1000w, https:\/\/sol-aire-de-jeux.fr\/wp-content\/uploads\/2026\/01\/20250729_104335_resized-Copie-300x225.jpg 300w, https:\/\/sol-aire-de-jeux.fr\/wp-content\/uploads\/2026\/01\/20250729_104335_resized-Copie-768x576.jpg 768w\" sizes=\"auto, (max-width: 1000px) 100vw, 1000px\" \/><\/figure>\n\n\n\n<figure class=\"wp-block-image size-large\"><img alt=\"\" loading=\"lazy\" decoding=\"async\" width=\"1000\" height=\"750\" data-id=\"60\" src=\"https:\/\/sol-aire-de-jeux.fr\/wp-content\/uploads\/2026\/01\/20250729_104337_resized.jpg\" alt=\"\" class=\"wp-image-60\" srcset=\"https:\/\/sol-aire-de-jeux.fr\/wp-content\/uploads\/2026\/01\/20250729_104337_resized.jpg 1000w, https:\/\/sol-aire-de-jeux.fr\/wp-content\/uploads\/2026\/01\/20250729_104337_resized-300x225.jpg 300w, https:\/\/sol-aire-de-jeux.fr\/wp-content\/uploads\/2026\/01\/20250729_104337_resized-768x576.jpg 768w\" sizes=\"auto, (max-width: 1000px) 100vw, 1000px\" \/><\/figure>\n\n\n\n<figure class=\"wp-block-image size-large\"><img alt=\"\" loading=\"lazy\" decoding=\"async\" width=\"1000\" height=\"750\" data-id=\"57\" src=\"https:\/\/sol-aire-de-jeux.fr\/wp-content\/uploads\/2026\/01\/20250730_142330_resized.jpg\" alt=\"\" class=\"wp-image-57\" srcset=\"https:\/\/sol-aire-de-jeux.fr\/wp-content\/uploads\/2026\/01\/20250730_142330_resized.jpg 1000w, https:\/\/sol-aire-de-jeux.fr\/wp-content\/uploads\/2026\/01\/20250730_142330_resized-300x225.jpg 300w, https:\/\/sol-aire-de-jeux.fr\/wp-content\/uploads\/2026\/01\/20250730_142330_resized-768x576.jpg 768w\" sizes=\"auto, (max-width: 1000px) 100vw, 1000px\" \/><\/figure>\n\n\n\n<figure class=\"wp-block-image size-large\"><img alt=\"\" loading=\"lazy\" decoding=\"async\" width=\"1000\" height=\"750\" data-id=\"66\" src=\"https:\/\/sol-aire-de-jeux.fr\/wp-content\/uploads\/2026\/01\/20250730_142605_resized.jpg\" alt=\"\" class=\"wp-image-66\" srcset=\"https:\/\/sol-aire-de-jeux.fr\/wp-content\/uploads\/2026\/01\/20250730_142605_resized.jpg 1000w, https:\/\/sol-aire-de-jeux.fr\/wp-content\/uploads\/2026\/01\/20250730_142605_resized-300x225.jpg 300w, https:\/\/sol-aire-de-jeux.fr\/wp-content\/uploads\/2026\/01\/20250730_142605_resized-768x576.jpg 768w\" sizes=\"auto, (max-width: 1000px) 100vw, 1000px\" \/><\/figure>\n\n\n\n<figure class=\"wp-block-image size-large\"><img alt=\"\" loading=\"lazy\" decoding=\"async\" width=\"1000\" height=\"750\" data-id=\"64\" src=\"https:\/\/sol-aire-de-jeux.fr\/wp-content\/uploads\/2026\/01\/20250730_182747_resized.jpg\" alt=\"\" class=\"wp-image-64\" srcset=\"https:\/\/sol-aire-de-jeux.fr\/wp-content\/uploads\/2026\/01\/20250730_182747_resized.jpg 1000w, https:\/\/sol-aire-de-jeux.fr\/wp-content\/uploads\/2026\/01\/20250730_182747_resized-300x225.jpg 300w, https:\/\/sol-aire-de-jeux.fr\/wp-content\/uploads\/2026\/01\/20250730_182747_resized-768x576.jpg 768w\" sizes=\"auto, (max-width: 1000px) 100vw, 1000px\" \/><\/figure>\n<\/figure>\n\n\n\n<figure class=\"wp-block-gallery has-nested-images columns-default is-cropped wp-block-gallery-2 is-layout-flex wp-block-gallery-is-layout-flex\">\n<figure class=\"wp-block-image size-large\"><img alt=\"\" loading=\"lazy\" decoding=\"async\" width=\"1024\" height=\"768\" data-id=\"68\" src=\"https:\/\/sol-aire-de-jeux.fr\/wp-content\/uploads\/2026\/01\/20211126_131909-1024x768.jpg\" alt=\"\" class=\"wp-image-68\" srcset=\"https:\/\/sol-aire-de-jeux.fr\/wp-content\/uploads\/2026\/01\/20211126_131909-1024x768.jpg 1024w, https:\/\/sol-aire-de-jeux.fr\/wp-content\/uploads\/2026\/01\/20211126_131909-300x225.jpg 300w, https:\/\/sol-aire-de-jeux.fr\/wp-content\/uploads\/2026\/01\/20211126_131909-768x576.jpg 768w, https:\/\/sol-aire-de-jeux.fr\/wp-content\/uploads\/2026\/01\/20211126_131909-1536x1152.jpg 1536w, https:\/\/sol-aire-de-jeux.fr\/wp-content\/uploads\/2026\/01\/20211126_131909-2048x1536.jpg 2048w\" sizes=\"auto, (max-width: 1024px) 100vw, 1024px\" \/><\/figure>\n\n\n\n<figure class=\"wp-block-image size-large\"><img alt=\"\" loading=\"lazy\" decoding=\"async\" width=\"1024\" height=\"768\" data-id=\"75\" src=\"https:\/\/sol-aire-de-jeux.fr\/wp-content\/uploads\/2026\/01\/20211125_100058-Copie-1024x768.jpg\" alt=\"\" class=\"wp-image-75\" srcset=\"https:\/\/sol-aire-de-jeux.fr\/wp-content\/uploads\/2026\/01\/20211125_100058-Copie-1024x768.jpg 1024w, https:\/\/sol-aire-de-jeux.fr\/wp-content\/uploads\/2026\/01\/20211125_100058-Copie-300x225.jpg 300w, https:\/\/sol-aire-de-jeux.fr\/wp-content\/uploads\/2026\/01\/20211125_100058-Copie-768x576.jpg 768w, https:\/\/sol-aire-de-jeux.fr\/wp-content\/uploads\/2026\/01\/20211125_100058-Copie-1536x1152.jpg 1536w, https:\/\/sol-aire-de-jeux.fr\/wp-content\/uploads\/2026\/01\/20211125_100058-Copie-2048x1536.jpg 2048w\" sizes=\"auto, (max-width: 1024px) 100vw, 1024px\" \/><\/figure>\n\n\n\n<figure class=\"wp-block-image size-large\"><img alt=\"\" loading=\"lazy\" decoding=\"async\" width=\"1024\" height=\"768\" data-id=\"70\" src=\"https:\/\/sol-aire-de-jeux.fr\/wp-content\/uploads\/2026\/01\/20211125_172133-Copie-1024x768.jpg\" alt=\"\" class=\"wp-image-70\" srcset=\"https:\/\/sol-aire-de-jeux.fr\/wp-content\/uploads\/2026\/01\/20211125_172133-Copie-1024x768.jpg 1024w, https:\/\/sol-aire-de-jeux.fr\/wp-content\/uploads\/2026\/01\/20211125_172133-Copie-300x225.jpg 300w, https:\/\/sol-aire-de-jeux.fr\/wp-content\/uploads\/2026\/01\/20211125_172133-Copie-768x576.jpg 768w, https:\/\/sol-aire-de-jeux.fr\/wp-content\/uploads\/2026\/01\/20211125_172133-Copie-1536x1152.jpg 1536w, https:\/\/sol-aire-de-jeux.fr\/wp-content\/uploads\/2026\/01\/20211125_172133-Copie-2048x1536.jpg 2048w\" sizes=\"auto, (max-width: 1024px) 100vw, 1024px\" \/><\/figure>\n\n\n\n<figure class=\"wp-block-image size-large\"><img alt=\"\" loading=\"lazy\" decoding=\"async\" width=\"1024\" height=\"768\" data-id=\"84\" src=\"https:\/\/sol-aire-de-jeux.fr\/wp-content\/uploads\/2026\/01\/20220419_084420-1024x768.jpg\" alt=\"\" class=\"wp-image-84\" srcset=\"https:\/\/sol-aire-de-jeux.fr\/wp-content\/uploads\/2026\/01\/20220419_084420-1024x768.jpg 1024w, https:\/\/sol-aire-de-jeux.fr\/wp-content\/uploads\/2026\/01\/20220419_084420-300x225.jpg 300w, https:\/\/sol-aire-de-jeux.fr\/wp-content\/uploads\/2026\/01\/20220419_084420-768x576.jpg 768w, https:\/\/sol-aire-de-jeux.fr\/wp-content\/uploads\/2026\/01\/20220419_084420-1536x1152.jpg 1536w, https:\/\/sol-aire-de-jeux.fr\/wp-content\/uploads\/2026\/01\/20220419_084420-2048x1536.jpg 2048w\" sizes=\"auto, (max-width: 1024px) 100vw, 1024px\" \/><\/figure>\n\n\n\n<figure class=\"wp-block-image size-large\"><img alt=\"\" loading=\"lazy\" decoding=\"async\" width=\"1024\" height=\"768\" data-id=\"90\" src=\"https:\/\/sol-aire-de-jeux.fr\/wp-content\/uploads\/2026\/01\/20220419_094738-1-1024x768.jpg\" alt=\"\" class=\"wp-image-90\" srcset=\"https:\/\/sol-aire-de-jeux.fr\/wp-content\/uploads\/2026\/01\/20220419_094738-1-1024x768.jpg 1024w, https:\/\/sol-aire-de-jeux.fr\/wp-content\/uploads\/2026\/01\/20220419_094738-1-300x225.jpg 300w, https:\/\/sol-aire-de-jeux.fr\/wp-content\/uploads\/2026\/01\/20220419_094738-1-768x576.jpg 768w, https:\/\/sol-aire-de-jeux.fr\/wp-content\/uploads\/2026\/01\/20220419_094738-1-1536x1152.jpg 1536w, https:\/\/sol-aire-de-jeux.fr\/wp-content\/uploads\/2026\/01\/20220419_094738-1-2048x1536.jpg 2048w\" sizes=\"auto, (max-width: 1024px) 100vw, 1024px\" \/><\/figure>\n\n\n\n<figure class=\"wp-block-image size-large\"><img alt=\"\" loading=\"lazy\" decoding=\"async\" width=\"1024\" height=\"768\" data-id=\"88\" src=\"https:\/\/sol-aire-de-jeux.fr\/wp-content\/uploads\/2026\/01\/20220419_102442-1024x768.jpg\" alt=\"\" class=\"wp-image-88\" srcset=\"https:\/\/sol-aire-de-jeux.fr\/wp-content\/uploads\/2026\/01\/20220419_102442-1024x768.jpg 1024w, https:\/\/sol-aire-de-jeux.fr\/wp-content\/uploads\/2026\/01\/20220419_102442-300x225.jpg 300w, https:\/\/sol-aire-de-jeux.fr\/wp-content\/uploads\/2026\/01\/20220419_102442-768x576.jpg 768w, https:\/\/sol-aire-de-jeux.fr\/wp-content\/uploads\/2026\/01\/20220419_102442-1536x1152.jpg 1536w, https:\/\/sol-aire-de-jeux.fr\/wp-content\/uploads\/2026\/01\/20220419_102442-2048x1536.jpg 2048w\" sizes=\"auto, (max-width: 1024px) 100vw, 1024px\" \/><\/figure>\n\n\n\n<figure class=\"wp-block-image size-large\"><img alt=\"\" loading=\"lazy\" decoding=\"async\" width=\"1024\" height=\"768\" data-id=\"89\" src=\"https:\/\/sol-aire-de-jeux.fr\/wp-content\/uploads\/2026\/01\/20220420_163922-1-1024x768.jpg\" alt=\"\" class=\"wp-image-89\" srcset=\"https:\/\/sol-aire-de-jeux.fr\/wp-content\/uploads\/2026\/01\/20220420_163922-1-1024x768.jpg 1024w, https:\/\/sol-aire-de-jeux.fr\/wp-content\/uploads\/2026\/01\/20220420_163922-1-300x225.jpg 300w, https:\/\/sol-aire-de-jeux.fr\/wp-content\/uploads\/2026\/01\/20220420_163922-1-768x576.jpg 768w, https:\/\/sol-aire-de-jeux.fr\/wp-content\/uploads\/2026\/01\/20220420_163922-1-1536x1152.jpg 1536w, https:\/\/sol-aire-de-jeux.fr\/wp-content\/uploads\/2026\/01\/20220420_163922-1-2048x1536.jpg 2048w\" sizes=\"auto, (max-width: 1024px) 100vw, 1024px\" \/><\/figure>\n<\/figure>\n\n\n\n<h2 class=\"wp-block-heading\">T\u00e9moignages<\/h2>\n\n\n\n<blockquote class=\"wp-block-quote is-layout-flow wp-block-quote-is-layout-flow\">\n<p>\u201cKALI CONSTRUCTION a transform\u00e9 notre aire de jeux \u00e0 Blois. Sols s\u00e9curis\u00e9s et pose rapide, \u00e9quipe tr\u00e8s professionnelle.\u201d \u2013<\/p>\n<\/blockquote>\n\n\n\n<blockquote class=\"wp-block-quote is-layout-flow wp-block-quote-is-layout-flow\">\n<p>\u201cPartenaire fiable pour toutes nos collectivit\u00e9s. Respect des normes et suivi impeccable.\u201d \u2013 <\/p>\n<\/blockquote>\n\n\n\n<p><strong>SARL KALI CONSTRUCTION<\/strong><\/p>\n\n\n\n<p>\ud83d\udccd 19 Boulevard de l\u2019Industrie \u2013 41000 BLOIS<\/p>\n\n\n\n<p>\ud83d\udcde 06 52 07 77 46 \u2013 06 52 66 11 62<\/p>\n\n\n\n<p>\ud83d\udce7 contact@kaliconstruction.fr \u2013 sarlkaliconstruction@gmail.com<\/p>\n\n\n\n<p>SIRET : 950 929 638<\/p>\n","protected":false},"excerpt":{"rendered":"<p>Sols amortissants et aires de jeux s\u00e9curis\u00e9es pour collectivit\u00e9s KALI CONSTRUCTION accompagne les mairies et collectivit\u00e9s dans la cr\u00e9ation et [&hellip;]<\/p>\n","protected":false},"author":1,"featured_media":0,"parent":0,"menu_order":0,"comment_status":"closed","ping_status":"closed","template":"","meta":{"_seopress_robots_primary_cat":"","_seopress_titles_title":"","_seopress_titles_desc":"","_seopress_robots_index":"","om_disable_all_campaigns":false,"_monsterinsights_skip_tracking":false,"_monsterinsights_sitenote_active":false,"_monsterinsights_sitenote_note":"","_monsterinsights_sitenote_category":0,"site-sidebar-layout":"default","site-content-layout":"","ast-site-content-layout":"default","site-content-style":"default","site-sidebar-style":"default","ast-global-header-display":"","ast-banner-title-visibility":"","ast-main-header-display":"","ast-hfb-above-header-display":"","ast-hfb-below-header-display":"","ast-hfb-mobile-header-display":"","site-post-title":"","ast-breadcrumbs-content":"","ast-featured-img":"","footer-sml-layout":"","ast-disable-related-posts":"","theme-transparent-header-meta":"","adv-header-id-meta":"","stick-header-meta":"","header-above-stick-meta":"","header-main-stick-meta":"","header-below-stick-meta":"","astra-migrate-meta-layouts":"default","ast-page-background-enabled":"default","ast-page-background-meta":{"desktop":{"background-color":"var(--ast-global-color-5)","background-image":"","background-repeat":"repeat","background-position":"center center","background-size":"auto","background-attachment":"scroll","background-type":"","background-media":"","overlay-type":"","overlay-color":"","overlay-opacity":"","overlay-gradient":""},"tablet":{"background-color":"","background-image":"","background-repeat":"repeat","background-position":"center center","background-size":"auto","background-attachment":"scroll","background-type":"","background-media":"","overlay-type":"","overlay-color":"","overlay-opacity":"","overlay-gradient":""},"mobile":{"background-color":"","background-image":"","background-repeat":"repeat","background-position":"center center","background-size":"auto","background-attachment":"scroll","background-type":"","background-media":"","overlay-type":"","overlay-color":"","overlay-opacity":"","overlay-gradient":""}},"ast-content-background-meta":{"desktop":{"background-color":"var(--ast-global-color-4)","background-image":"","background-repeat":"repeat","background-position":"center center","background-size":"auto","background-attachment":"scroll","background-type":"","background-media":"","overlay-type":"","overlay-color":"","overlay-opacity":"","overlay-gradient":""},"tablet":{"background-color":"var(--ast-global-color-4)","background-image":"","background-repeat":"repeat","background-position":"center center","background-size":"auto","background-attachment":"scroll","background-type":"","background-media":"","overlay-type":"","overlay-color":"","overlay-opacity":"","overlay-gradient":""},"mobile":{"background-color":"var(--ast-global-color-4)","background-image":"","background-repeat":"repeat","background-position":"center center","background-size":"auto","background-attachment":"scroll","background-type":"","background-media":"","overlay-type":"","overlay-color":"","overlay-opacity":"","overlay-gradient":""}},"footnotes":""},"class_list":["post-8","page","type-page","status-publish","hentry"],"aioseo_notices":[],"_links":{"self":[{"href":"https:\/\/sol-aire-de-jeux.fr\/index.php\/wp-json\/wp\/v2\/pages\/8","targetHints":{"allow":["GET"]}}],"collection":[{"href":"https:\/\/sol-aire-de-jeux.fr\/index.php\/wp-json\/wp\/v2\/pages"}],"about":[{"href":"https:\/\/sol-aire-de-jeux.fr\/index.php\/wp-json\/wp\/v2\/types\/page"}],"author":[{"embeddable":true,"href":"https:\/\/sol-aire-de-jeux.fr\/index.php\/wp-json\/wp\/v2\/users\/1"}],"replies":[{"embeddable":true,"href":"https:\/\/sol-aire-de-jeux.fr\/index.php\/wp-json\/wp\/v2\/comments?post=8"}],"version-history":[{"count":11,"href":"https:\/\/sol-aire-de-jeux.fr\/index.php\/wp-json\/wp\/v2\/pages\/8\/revisions"}],"predecessor-version":[{"id":221,"href":"https:\/\/sol-aire-de-jeux.fr\/index.php\/wp-json\/wp\/v2\/pages\/8\/revisions\/221"}],"wp:attachment":[{"href":"https:\/\/sol-aire-de-jeux.fr\/index.php\/wp-json\/wp\/v2\/media?parent=8"}],"curies":[{"name":"wp","href":"https:\/\/api.w.org\/{rel}","templated":true}]}}